{"id":963,"date":"2022-07-25T14:10:25","date_gmt":"2022-07-25T12:10:25","guid":{"rendered":"https:\/\/fortests.de\/?page_id=963"},"modified":"2022-08-15T19:01:51","modified_gmt":"2022-08-15T17:01:51","slug":"klasse-gruppe-modell","status":"publish","type":"page","link":"https:\/\/fortests.de\/index.php\/paedagogik\/klasse-gruppe-modell\/","title":{"rendered":"Klasse-Gruppe-Modell"},"content":{"rendered":"\n<p>Seit August 2015 arbeiten wir im Klasse-Gruppe-Modell. Dies bedeutet, dass eine Klasse auch eine Gruppe in der Nachmittagsbetreuung ist.&nbsp;<\/p>\n\n\n\n<p>Folgende\u00a0<strong>p\u00e4dagogische Aspekte<\/strong>\u00a0betrachten wir als positiv:<\/p>\n\n\n\n<div class=\"wp-block-stackable-icon-list stk-block-icon-list stk-block stk-7f808b3\" data-block-id=\"7f808b3\"><style>.stk-7f808b3 ul li{list-style-image:url('data:image\/svg+xml;base64,PHN2ZyB4bWxucz0iaHR0cDovL3d3dy53My5vcmcvMjAwMC9zdmciIHZpZXdCb3g9IjAgMCAxOTAgMTkwIiBzdHlsZT0iZmlsbDogIzAwMCAhaW1wb3J0YW50OyBjb2xvcjogIzAwMCAhaW1wb3J0YW50O3RyYW5zZm9ybTogcm90YXRlKGRlZykgIWltcG9ydGFudDsiPjxwb2x5Z29uIHBvaW50cz0iMTczLjgsMjguNCA2MC40LDE0MS44IDE1LjcsOTcuMiA1LjEsMTA3LjggNjAuNCwxNjMgMTg0LjQsMzkgMTczLjgsMjguNCIgZmlsbD0iIzAwMCIgc3Ryb2tlPSIjMDAwIiBzdHlsZT0iZmlsbDogcmdiKDAsIDAsIDApOyBzdHJva2U6IHJnYigwLCAwLCAwKTsiLz48L3N2Zz4=') !important}<\/style><ul><li>\u00a0Kinder und Eltern haben klare Bezugspersonen<\/li><li>\u00a0Lernen auch im Nachmittag m\u00f6glich<\/li><li>\u00a0Es erfolgt ein enger Austausch zwischen Schule und OGS\u00a0<\/li><li>\u00a0die Kinder haben mehr strukturelle Sicherheit (fester Raum, Ansprechpartner usw.) \u00a0<\/li><li>\u00a0st\u00e4rker vernetzte Entwicklungsbegleitung\/ intensiver p\u00e4dagogischer Austausch<\/li><li>\u00a0Fortf\u00fchrung von Themen und Inhalte am Nachmittag<\/li><li>\u00a0\u00a0intensivere Umsetzung der p\u00e4dagogischen Geschlossenheit<\/li><\/ul><\/div>\n\n\n\n<p>Folgende\u00a0<strong>organisatorischen Aspekte<\/strong>\u00a0betrachten wir als positiv:<\/p>\n\n\n\n<div class=\"wp-block-stackable-icon-list stk-block-icon-list stk-block stk-6a8b6ac\" data-block-id=\"6a8b6ac\"><style>.stk-6a8b6ac ul li{list-style-image:url('data:image\/svg+xml;base64,PHN2ZyB4bWxucz0iaHR0cDovL3d3dy53My5vcmcvMjAwMC9zdmciIHZpZXdCb3g9IjAgMCAxOTAgMTkwIiBzdHlsZT0iZmlsbDogIzAwMCAhaW1wb3J0YW50OyBjb2xvcjogIzAwMCAhaW1wb3J0YW50O3RyYW5zZm9ybTogcm90YXRlKGRlZykgIWltcG9ydGFudDsiPjxwb2x5Z29uIHBvaW50cz0iMTczLjgsMjguNCA2MC40LDE0MS44IDE1LjcsOTcuMiA1LjEsMTA3LjggNjAuNCwxNjMgMTg0LjQsMzkgMTczLjgsMjguNCIgZmlsbD0iIzAwMCIgc3Ryb2tlPSIjMDAwIiBzdHlsZT0iZmlsbDogcmdiKDAsIDAsIDApOyBzdHJva2U6IHJnYigwLCAwLCAwKTsiLz48L3N2Zz4=') !important}<\/style><ul><li>Raumregeln sind bekannt und k\u00f6nnen den ganzen Tag genutzt werden<\/li><li>SuS, Materialien, Kleidung, Hausschuhe m\u00fcssen nicht den Ort wechseln<\/li><li>\u00fcbersichtlichere Situation z.B. bei Feueralarm<\/li><\/ul><\/div>\n","protected":false},"excerpt":{"rendered":"<p>Seit August 2015 arbeiten wir im Klasse-Gruppe-Modell. Dies bedeutet, dass eine Klasse auch eine Gruppe in der Nachmittagsbetreuung ist.&nbsp; Folgende\u00a0p\u00e4dagogische Aspekte\u00a0betrachten wir als positiv: \u00a0Kinder und Eltern haben klare Bezugspersonen \u00a0Lernen auch im Nachmittag m\u00f6glich \u00a0Es erfolgt ein enger Austausch zwischen Schule und OGS\u00a0 \u00a0die Kinder haben mehr strukturelle Sicherheit (fester Raum, Ansprechpartner usw.) \u00a0 \u00a0st\u00e4rker vernetzte Entwicklungsbegleitung\/ intensiver p\u00e4dagogischer Austausch \u00a0Fortf\u00fchrung von Themen und Inhalte am Nachmittag \u00a0\u00a0intensivere Umsetzung der p\u00e4dagogischen Geschlossenheit Folgende\u00a0organisatorischen Aspekte\u00a0betrachten wir als positiv: Raumregeln sind bekannt und k\u00f6nnen den ganzen Tag genutzt werden SuS, Materialien, Kleidung, Hausschuhe m\u00fcssen nicht den Ort wechseln \u00fcbersichtlichere Situation z.B.\u2026<\/p>\n","protected":false},"author":3,"featured_media":0,"parent":655,"menu_order":3,"comment_status":"closed","ping_status":"closed","template":"","meta":[],"blocksy_meta":{"styles_descriptor":{"styles":{"desktop":"","tablet":"","mobile":""},"google_fonts":[],"version":5}},"featured_image_urls":{"full":"","thumbnail":"","medium":"","medium_large":"","large":"","1536x1536":"","2048x2048":""},"post_excerpt_stackable":"<p>Seit August 2015 arbeiten wir im Klasse-Gruppe-Modell. Dies bedeutet, dass eine Klasse auch eine Gruppe in der Nachmittagsbetreuung ist.&nbsp; Folgende\u00a0p\u00e4dagogische Aspekte\u00a0betrachten wir als positiv: \u00a0Kinder und Eltern haben klare Bezugspersonen\u00a0Lernen auch im Nachmittag m\u00f6glich\u00a0Es erfolgt ein enger Austausch zwischen Schule und OGS\u00a0\u00a0die Kinder haben mehr strukturelle Sicherheit (fester Raum, Ansprechpartner usw.) \u00a0\u00a0st\u00e4rker vernetzte Entwicklungsbegleitung\/ intensiver p\u00e4dagogischer Austausch\u00a0Fortf\u00fchrung von Themen und Inhalte am Nachmittag\u00a0\u00a0intensivere Umsetzung der p\u00e4dagogischen Geschlossenheit Folgende\u00a0organisatorischen Aspekte\u00a0betrachten wir als positiv: Raumregeln sind bekannt und k\u00f6nnen den ganzen Tag genutzt werdenSuS, Materialien, Kleidung, Hausschuhe m\u00fcssen nicht den Ort wechseln\u00fcbersichtlichere Situation z.B. bei Feueralarm<\/p>\n","category_list":"","author_info":{"name":"MM","url":"https:\/\/fortests.de\/index.php\/author\/m9124\/"},"comments_num":"0 comments","featured_image_urls_v2":{"full":"","thumbnail":"","medium":"","medium_large":"","large":"","1536x1536":"","2048x2048":""},"post_excerpt_stackable_v2":"<p>Seit August 2015 arbeiten wir im Klasse-Gruppe-Modell. Dies bedeutet, dass eine Klasse auch eine Gruppe in der Nachmittagsbetreuung ist.&nbsp; Folgende\u00a0p\u00e4dagogische Aspekte\u00a0betrachten wir als positiv: \u00a0Kinder und Eltern haben klare Bezugspersonen\u00a0Lernen auch im Nachmittag m\u00f6glich\u00a0Es erfolgt ein enger Austausch zwischen Schule und OGS\u00a0\u00a0die Kinder haben mehr strukturelle Sicherheit (fester Raum, Ansprechpartner usw.) \u00a0\u00a0st\u00e4rker vernetzte Entwicklungsbegleitung\/ intensiver p\u00e4dagogischer Austausch\u00a0Fortf\u00fchrung von Themen und Inhalte am Nachmittag\u00a0\u00a0intensivere Umsetzung der p\u00e4dagogischen Geschlossenheit Folgende\u00a0organisatorischen Aspekte\u00a0betrachten wir als positiv: Raumregeln sind bekannt und k\u00f6nnen den ganzen Tag genutzt werdenSuS, Materialien, Kleidung, Hausschuhe m\u00fcssen nicht den Ort wechseln\u00fcbersichtlichere Situation z.B. bei Feueralarm<\/p>\n","category_list_v2":"","author_info_v2":{"name":"MM","url":"https:\/\/fortests.de\/index.php\/author\/m9124\/"},"comments_num_v2":"0 comments","_links":{"self":[{"href":"https:\/\/fortests.de\/index.php\/wp-json\/wp\/v2\/pages\/963"}],"collection":[{"href":"https:\/\/fortests.de\/index.php\/wp-json\/wp\/v2\/pages"}],"about":[{"href":"https:\/\/fortests.de\/index.php\/wp-json\/wp\/v2\/types\/page"}],"author":[{"embeddable":true,"href":"https:\/\/fortests.de\/index.php\/wp-json\/wp\/v2\/users\/3"}],"replies":[{"embeddable":true,"href":"https:\/\/fortests.de\/index.php\/wp-json\/wp\/v2\/comments?post=963"}],"version-history":[{"count":4,"href":"https:\/\/fortests.de\/index.php\/wp-json\/wp\/v2\/pages\/963\/revisions"}],"predecessor-version":[{"id":1071,"href":"https:\/\/fortests.de\/index.php\/wp-json\/wp\/v2\/pages\/963\/revisions\/1071"}],"up":[{"embeddable":true,"href":"https:\/\/fortests.de\/index.php\/wp-json\/wp\/v2\/pages\/655"}],"wp:attachment":[{"href":"https:\/\/fortests.de\/index.php\/wp-json\/wp\/v2\/media?parent=963"}],"curies":[{"name":"wp","href":"https:\/\/api.w.org\/{rel}","templated":true}]}}