{"id":610,"date":"2022-04-24T00:34:08","date_gmt":"2022-04-23T22:34:08","guid":{"rendered":"https:\/\/www.ggs-erlenweg.de\/?page_id=610"},"modified":"2022-09-07T20:43:33","modified_gmt":"2022-09-07T18:43:33","slug":"schule","status":"publish","type":"page","link":"https:\/\/fortests.de\/index.php\/schule\/","title":{"rendered":"Schule"},"content":{"rendered":"\n<h2 class=\"has-text-align-center\">Unser multiprofessionelles Team!<\/h2>\n\n\n\n<p>An unserer Schule arbeiten derzeit ca. 35 Personen aus den verschiedensten Professionen zusammen: neben Grundschullehrerinnen und Lehrern sowie einem Lehrer aus der Sekundarstufe II, Sonderp\u00e4dagoginnen und Sonderp\u00e4dagogen, unserem t\u00fcrkischsprachigen HKU-Lehrer sowie Sozialp\u00e4dagoginnen f\u00fcr die Schuleingangsphase, unsere Schulsozialarbeiterin, P\u00e4dagoginnen, P\u00e4dagogen und Erg\u00e4nzungskr\u00e4fte in der OGTS, zahlreiche ehrenamtliche Helfer:innen sowie externe Experten aus P\u00e4dagogik, Logop\u00e4die und Ergotherapie und nat\u00fcrlich unser Hausmeister und unsere Sekret\u00e4rin.<\/p>\n\n\n\n<div style=\"height:100px\" aria-hidden=\"true\" class=\"wp-block-spacer\"><\/div>\n\n\n\n<div class=\"wp-block-stackable-columns stk-block-columns stk-block stk-e08e9c2\" data-block-id=\"e08e9c2\"><div class=\"stk-row stk-inner-blocks stk-block-content stk-content-align stk-e08e9c2-column\">\n<div class=\"wp-block-stackable-column stk-block-column stk-block-column--v2 stk-column stk-block stk-e45ad77\" data-block-id=\"e45ad77\"><div class=\"stk-column-wrapper stk-block-column__content stk-container stk-e45ad77-container stk--no-background stk--no-padding\"><div class=\"stk-block-content stk-inner-blocks stk-e45ad77-inner-blocks\">\n<div class=\"wp-block-stackable-team-member is-style-default stk-block-team-member stk-block stk-de349e9\" data-block-id=\"de349e9\"><div class=\"stk-block-team-member__content stk-content-align stk-de349e9-column stk-container stk-de349e9-container stk-hover-parent\"><div class=\"stk-block-content stk-inner-blocks has-text-align-center\">\n<div class=\"wp-block-stackable-image stk-block-image stk-block stk-322c875\" data-block-id=\"322c875\"><figure class=\"stk-img-wrapper stk-image--shape-stretch\"><img loading=\"lazy\" class=\"stk-img wp-image-613\" src=\"https:\/\/www.ggs-erlenweg.de\/wp-content\/uploads\/2022\/04\/Mue.jpg\" width=\"243\" height=\"178\"\/><\/figure><\/div>\n\n\n\n<div class=\"wp-block-stackable-heading stk-block-heading stk-block stk-7f13194\" id=\"michael-muller\" data-block-id=\"7f13194\"><style>.stk-7f13194 .stk-block-heading__text{margin:0 !important}<\/style><h3 class=\"stk-block-heading__text\">Michael M\u00fcller<\/h3><\/div>\n\n\n\n<div class=\"wp-block-stackable-subtitle stk-block-subtitle stk-block stk-0f93d7e\" data-block-id=\"0f93d7e\"><p class=\"stk-block-subtitle__text stk-subtitle\">Schulleitung<\/p><\/div>\n\n\n\n<div class=\"wp-block-stackable-text stk-block-text stk-block stk-5323b91\" data-block-id=\"5323b91\"><p class=\"stk-block-text__text\"><\/p><\/div>\n<\/div><\/div><\/div>\n<\/div><\/div><\/div>\n\n\n\n<div class=\"wp-block-stackable-column stk-block-column stk-block-column--v2 stk-column stk-block stk-664209b\" data-block-id=\"664209b\"><div class=\"stk-column-wrapper stk-block-column__content stk-container stk-664209b-container stk--no-background stk--no-padding\"><div class=\"stk-block-content stk-inner-blocks stk-664209b-inner-blocks\">\n<div class=\"wp-block-stackable-team-member is-style-default stk-block-team-member stk-block stk-75cc223\" data-block-id=\"75cc223\"><div class=\"stk-block-team-member__content stk-content-align stk-75cc223-column stk-container stk-75cc223-container stk-hover-parent\"><div class=\"stk-block-content stk-inner-blocks has-text-align-center\">\n<div class=\"wp-block-stackable-image stk-block-image stk-block stk-45eaba9\" data-block-id=\"45eaba9\"><style>.stk-45eaba9 .stk-img-wrapper{width:100% !important;height:250px !important}<\/style><\/div>\n\n\n\n<div class=\"wp-block-stackable-heading stk-block-heading stk-block stk-874410d\" id=\"karen-pizarro\" data-block-id=\"874410d\"><style>.stk-874410d .stk-block-heading__text{margin:0 !important}<\/style><h3 class=\"stk-block-heading__text\">Karen Pizarro<\/h3><\/div>\n\n\n\n<div class=\"wp-block-stackable-subtitle stk-block-subtitle stk-block stk-863b09f\" data-block-id=\"863b09f\"><p class=\"stk-block-subtitle__text stk-subtitle\">OGTS Leitung<\/p><\/div>\n\n\n\n<div class=\"wp-block-stackable-text stk-block-text stk-block stk-1dc9912\" data-block-id=\"1dc9912\"><p class=\"stk-block-text__text\"><\/p><\/div>\n<\/div><\/div><\/div>\n<\/div><\/div><\/div>\n\n\n\n<div class=\"wp-block-stackable-column stk-block-column stk-block-column--v2 stk-column stk-block stk-78bb8f2\" data-block-id=\"78bb8f2\"><div class=\"stk-column-wrapper stk-block-column__content stk-container stk-78bb8f2-container stk--no-background stk--no-padding\"><div class=\"stk-block-content stk-inner-blocks stk-78bb8f2-inner-blocks\">\n<div class=\"wp-block-stackable-team-member is-style-default stk-block-team-member stk-block stk-eb3e182\" data-block-id=\"eb3e182\"><div class=\"stk-block-team-member__content stk-content-align stk-eb3e182-column stk-container stk-eb3e182-container stk-hover-parent\"><div class=\"stk-block-content stk-inner-blocks has-text-align-center\">\n<div class=\"wp-block-stackable-image stk-block-image stk-block stk-9090657\" data-block-id=\"9090657\"><figure class=\"stk-img-wrapper stk-image--shape-stretch\"><img loading=\"lazy\" class=\"stk-img wp-image-616\" src=\"https:\/\/www.ggs-erlenweg.de\/wp-content\/uploads\/2022\/04\/Ma1.png\" width=\"241\" height=\"162\"\/><\/figure><\/div>\n\n\n\n<div class=\"wp-block-stackable-heading stk-block-heading stk-block stk-c9d3dde\" id=\"frau-marx\" data-block-id=\"c9d3dde\"><style>.stk-c9d3dde .stk-block-heading__text{margin:0 !important}<\/style><h3 class=\"stk-block-heading__text\">Frau Marx<\/h3><\/div>\n\n\n\n<div class=\"wp-block-stackable-subtitle stk-block-subtitle stk-block stk-17cb682\" data-block-id=\"17cb682\"><p class=\"stk-block-subtitle__text stk-subtitle\">Schulsozialarbeiterin<\/p><\/div>\n\n\n\n<div class=\"wp-block-stackable-text stk-block-text stk-block stk-588c15a\" data-block-id=\"588c15a\"><p class=\"stk-block-text__text\"><\/p><\/div>\n<\/div><\/div><\/div>\n<\/div><\/div><\/div>\n<\/div><\/div>\n","protected":false},"excerpt":{"rendered":"<p>Unser multiprofessionelles Team! An unserer Schule arbeiten derzeit ca. 35 Personen aus den verschiedensten Professionen zusammen: neben Grundschullehrerinnen und Lehrern sowie einem Lehrer aus der Sekundarstufe II, Sonderp\u00e4dagoginnen und Sonderp\u00e4dagogen, unserem t\u00fcrkischsprachigen HKU-Lehrer sowie Sozialp\u00e4dagoginnen f\u00fcr die Schuleingangsphase, unsere Schulsozialarbeiterin, P\u00e4dagoginnen, P\u00e4dagogen und Erg\u00e4nzungskr\u00e4fte in der OGTS, zahlreiche ehrenamtliche Helfer:innen sowie externe Experten aus P\u00e4dagogik, Logop\u00e4die und Ergotherapie und nat\u00fcrlich unser Hausmeister und unsere Sekret\u00e4rin. Michael M\u00fcller Schulleitung Karen Pizarro OGTS Leitung Frau Marx Schulsozialarbeiterin<\/p>\n","protected":false},"author":2,"featured_media":0,"parent":0,"menu_order":0,"comment_status":"closed","ping_status":"closed","template":"","meta":[],"blocksy_meta":{"styles_descriptor":{"styles":{"desktop":"","tablet":"","mobile":""},"google_fonts":[],"version":5}},"featured_image_urls":{"full":"","thumbnail":"","medium":"","medium_large":"","large":"","1536x1536":"","2048x2048":""},"post_excerpt_stackable":"<p>Unser multiprofessionelles Team! An unserer Schule arbeiten derzeit ca. 35 Personen aus den verschiedensten Professionen zusammen: neben Grundschullehrerinnen und Lehrern sowie einem Lehrer aus der Sekundarstufe II, Sonderp\u00e4dagoginnen und Sonderp\u00e4dagogen, unserem t\u00fcrkischsprachigen HKU-Lehrer sowie Sozialp\u00e4dagoginnen f\u00fcr die Schuleingangsphase, unsere Schulsozialarbeiterin, P\u00e4dagoginnen, P\u00e4dagogen und Erg\u00e4nzungskr\u00e4fte in der OGTS, zahlreiche ehrenamtliche Helfer:innen sowie externe Experten aus P\u00e4dagogik, Logop\u00e4die und Ergotherapie und nat\u00fcrlich unser Hausmeister und unsere Sekret\u00e4rin. Michael M\u00fcller Schulleitung Karen Pizarro OGTS Leitung Frau Marx Schulsozialarbeiterin<\/p>\n","category_list":"","author_info":{"name":"FB","url":"https:\/\/fortests.de\/index.php\/author\/fexxes\/"},"comments_num":"0 comments","featured_image_urls_v2":{"full":"","thumbnail":"","medium":"","medium_large":"","large":"","1536x1536":"","2048x2048":""},"post_excerpt_stackable_v2":"<p>Unser multiprofessionelles Team! An unserer Schule arbeiten derzeit ca. 35 Personen aus den verschiedensten Professionen zusammen: neben Grundschullehrerinnen und Lehrern sowie einem Lehrer aus der Sekundarstufe II, Sonderp\u00e4dagoginnen und Sonderp\u00e4dagogen, unserem t\u00fcrkischsprachigen HKU-Lehrer sowie Sozialp\u00e4dagoginnen f\u00fcr die Schuleingangsphase, unsere Schulsozialarbeiterin, P\u00e4dagoginnen, P\u00e4dagogen und Erg\u00e4nzungskr\u00e4fte in der OGTS, zahlreiche ehrenamtliche Helfer:innen sowie externe Experten aus P\u00e4dagogik, Logop\u00e4die und Ergotherapie und nat\u00fcrlich unser Hausmeister und unsere Sekret\u00e4rin. Michael M\u00fcller Schulleitung Karen Pizarro OGTS Leitung Frau Marx Schulsozialarbeiterin<\/p>\n","category_list_v2":"","author_info_v2":{"name":"FB","url":"https:\/\/fortests.de\/index.php\/author\/fexxes\/"},"comments_num_v2":"0 comments","_links":{"self":[{"href":"https:\/\/fortests.de\/index.php\/wp-json\/wp\/v2\/pages\/610"}],"collection":[{"href":"https:\/\/fortests.de\/index.php\/wp-json\/wp\/v2\/pages"}],"about":[{"href":"https:\/\/fortests.de\/index.php\/wp-json\/wp\/v2\/types\/page"}],"author":[{"embeddable":true,"href":"https:\/\/fortests.de\/index.php\/wp-json\/wp\/v2\/users\/2"}],"replies":[{"embeddable":true,"href":"https:\/\/fortests.de\/index.php\/wp-json\/wp\/v2\/comments?post=610"}],"version-history":[{"count":4,"href":"https:\/\/fortests.de\/index.php\/wp-json\/wp\/v2\/pages\/610\/revisions"}],"predecessor-version":[{"id":1236,"href":"https:\/\/fortests.de\/index.php\/wp-json\/wp\/v2\/pages\/610\/revisions\/1236"}],"wp:attachment":[{"href":"https:\/\/fortests.de\/index.php\/wp-json\/wp\/v2\/media?parent=610"}],"curies":[{"name":"wp","href":"https:\/\/api.w.org\/{rel}","templated":true}]}}